{"id":2,"date":"2015-07-20T17:27:16","date_gmt":"2015-07-20T14:27:16","guid":{"rendered":"http:\/\/tunaelektroteknik.com\/?page_id=2"},"modified":"2015-12-07T17:51:16","modified_gmt":"2015-12-07T15:51:16","slug":"firmamiz","status":"publish","type":"page","link":"https:\/\/tunaelektroteknik.com\/index.php\/firmamiz\/","title":{"rendered":"Firmam\u0131z"},"content":{"rendered":"<h3><a href=\"https:\/\/tunaelektroteknik.com\/wp-content\/uploads\/2015\/07\/hizmetlerimiz.jpg\"><img decoding=\"async\" loading=\"lazy\" class=\"alignnone wp-image-82 size-full\" src=\"https:\/\/tunaelektroteknik.com\/wp-content\/uploads\/2015\/07\/hizmetlerimiz.jpg\" alt=\"hizmetlerimiz\" width=\"669\" height=\"78\" srcset=\"https:\/\/tunaelektroteknik.com\/wp-content\/uploads\/2015\/07\/hizmetlerimiz.jpg 669w, https:\/\/tunaelektroteknik.com\/wp-content\/uploads\/2015\/07\/hizmetlerimiz-300x35.jpg 300w\" sizes=\"(max-width: 669px) 100vw, 669px\" \/><\/a><\/h3>\n<h3>Tuna\u00a0Elektroteknik\u00a0Elektrik M\u00fch.San.Tic.Ltd.\u015eti<\/h3>\n<p>Geni\u015f ve deneyimli kadrosuyla elektrik, elektronik, enstruman, otomasyon,ex-proof sistemler ve makina m\u00fchendisli\u011fi konular\u0131nda \u00fclkenin en iyi firmalar\u0131ndan biri olmay\u0131 hedeflemi\u015ftir.<\/p>\n<p>TUNA ELEKTRO TEKN\u0130K\u00a0ba\u015far\u0131s\u0131n\u0131; ekip \u00e7al\u0131smas\u0131, i\u015f g\u00fcvenli\u011fi ve i\u015f\u00e7i sa\u011fli\u011f\u0131, kalite ve zaman e\u011frisini en g\u00fczel bi\u00e7imde kullanmas\u0131na ve bunlar\u0131n neticesinde elde etti\u011fi deneyimi a\u00e7\u0131kl\u0131k politikas\u0131 haline getirerek, \u00e7al\u0131\u015ft\u0131\u011f\u0131 kurulu\u015flarla paylasmas\u0131na bor\u00e7ludur. Bu ba\u015far\u0131n\u0131n arkas\u0131ndaki en b\u00fcy\u00fck destek ise, verilen hizmetin ve yap\u0131lan i\u015flerin s\u00fcrekli arkas\u0131nda durmakt\u0131r.<\/p>\n<p>TUNA ELEKTRO TEKN\u0130K; EX-Proof Tesisatlar, kapal\u0131 h\u00fccre salt merkezleri, O.G. ve A.G. g\u00fc\u00e7, da\u011f\u0131t\u0131m ve kompanzasyon panelleri, end\u00fcstriyel kurulu\u015flar\u0131n elektrik sistemlerinin planlama ve montaj\u0131, ayd\u0131nlatma, enstr\u00fcman ve makine montajlar\u0131n\u0131 yapmaktad\u0131r. Ayr\u0131ca projelerinin yelpazesini elektronik, pn\u00f6matik, PCs, PLC, SCADA yaz\u0131l\u0131m ve tasar\u0131m konular\u0131nda tecr\u00fcbeli m\u00fchendisleriyle daha da geni\u015fletmektedir.<\/p>\n<p>\u0130\u015finiz ve projeniz ne olursa olsun, firmam\u0131z h\u0131zl\u0131 ve g\u00fcvenilir bi\u00e7imde siz m\u00fc\u015fterilerimize hizmet verecektir. \u0130ster i\u015f, ister bilgi i\u00e7in TUNA ELEKTRO TEKN\u0130K&#8217;\u00a0i\u00a0araman\u0131zdan memnuniyet duyar\u0131z. \u00c7\u00fcnk\u00fc; Size hizmet etmek i\u00e7in var\u0131z.<\/p>\n<p>&#8211; G\u00fcler y\u00fcz, m\u00fcsteri memnuniyeti ve toplam kalite<br \/>\n&#8211; Her i\u015fi k\u00fc\u00e7\u00fck b\u00fcy\u00fck ay\u0131rt etmeden s\u00fcratle uygulamak ve titizlikle yapmak.<br \/>\n&#8211; M\u00fcsterilerimize hizmet heyecan\u0131m\u0131z\u0131 hi\u00e7 azaltmamak.<br \/>\n&#8211; Ili\u015fkimizde g\u00fcven sa\u011fl\u0131\u011f\u0131 a\u00e7iklik ve do\u011frulu\u011fu hep \u00f6n planda tutmak.<br \/>\n&#8211; Sirketimizin \u00e7al\u0131\u015fanlar\u0131yla bir b\u00fct\u00fcn oldu\u011funun bilincinde olmak.<br \/>\n&#8211; \u015eirketimizin itibar\u0131n\u0131 korumak ve i\u015fimizle gurur duymak<br \/>\n&#8211; Temiz bir \u00e7evre bilincine sahip olmak ve bunu bizimle \u00e7al\u0131\u015fanlara da a\u015f\u0131lamak<\/p>\n<p>I\u015f yapti\u011fimiz sirketleri, \u00e7al\u0131\u015fanlar\u0131m\u0131z\u0131, tedarik\u00e7ilerimizi ve \u00e7evreyi ortak kabul eden bir anlay\u0131\u015fla birlikte tak\u0131m ruhunu \u00f6z\u00fcmseyerek hem kendimizi s\u00fcrekli geli\u015ftirmek hem de \u00fclkemizin geli\u015fimine katk\u0131da bulunmak.<\/p>\n","protected":false},"excerpt":{"rendered":"<p>Tuna\u00a0Elektroteknik\u00a0Elektrik M\u00fch.San.Tic.Ltd.\u015eti Geni\u015f ve deneyimli kadrosuyla elektrik, elektronik, enstruman, otomasyon,ex-proof sistemler ve makina m\u00fchendisli\u011fi konular\u0131nda \u00fclkenin en iyi firmalar\u0131ndan biri [&hellip;]<\/p>\n","protected":false},"author":1,"featured_media":0,"parent":0,"menu_order":0,"comment_status":"open","ping_status":"open","template":"","meta":[],"_links":{"self":[{"href":"https:\/\/tunaelektroteknik.com\/index.php\/wp-json\/wp\/v2\/pages\/2"}],"collection":[{"href":"https:\/\/tunaelektroteknik.com\/index.php\/wp-json\/wp\/v2\/pages"}],"about":[{"href":"https:\/\/tunaelektroteknik.com\/index.php\/wp-json\/wp\/v2\/types\/page"}],"author":[{"embeddable":true,"href":"https:\/\/tunaelektroteknik.com\/index.php\/wp-json\/wp\/v2\/users\/1"}],"replies":[{"embeddable":true,"href":"https:\/\/tunaelektroteknik.com\/index.php\/wp-json\/wp\/v2\/comments?post=2"}],"version-history":[{"count":8,"href":"https:\/\/tunaelektroteknik.com\/index.php\/wp-json\/wp\/v2\/pages\/2\/revisions"}],"predecessor-version":[{"id":172,"href":"https:\/\/tunaelektroteknik.com\/index.php\/wp-json\/wp\/v2\/pages\/2\/revisions\/172"}],"wp:attachment":[{"href":"https:\/\/tunaelektroteknik.com\/index.php\/wp-json\/wp\/v2\/media?parent=2"}],"curies":[{"name":"wp","href":"https:\/\/api.w.org\/{rel}","templated":true}]}}